) be the first derivative of -i**4/4 - 2*i**3 - 4*i**2 - 6*i + 15. Determine f(c).
9
Let n(v) = -18*v**2 - 5*v + 2. Let a(u) = -35*u**2 - 11*u + 5. Let l(p) = -4*a(p) + 9*n(p). Determine l(-1).
-23
Let t = -8 - -14. Let c(m) be the second derivative of 11*m + 1/12*m**4 + 3*m**2 - 5/6*m**3 + 0. Calculate c(t).
12
Let m(o) = -o. Let z be (-66)/18 + (-1)/3. What is m(z)?
4
Let m(w) = 3*w + 1. Let o = 564 - 571. Let l(y) = 1. Let t(d) = d + 5. Let h(f) = 3*l(f) + t(f). Let r be h(o). Determine m(r).
4
Let y be 50/(-20)*-2*1. Let x(m) = -5*m**3 + m**2 - 6*m + 10. Let u = 3 - -1. Let j(p) = -9*p**3 + 3*p**2 - 11*p + 19. Let t(v) = u*j(v) - 7*x(v). What is t(y)?
-4
Let z(k) = 11*k + 2. Let j(a) = 38*a + 5. Let q(d) = -4*j(d) + 14*z(d). Determine q(-3).
2
Suppose 2*o + o - 11 = -2*f, 3*o - 4*f = -13. Suppose 6 - o = x. Let p(v) = 2 + x*v + 2 - 4*v. Give p(3).
7
Let t(d) = -2*d**2 - 5*d + 49. Let x be t(4). Let m(i) = -i**2 - 2*i + 2. Determine m(x).
-1
Let j(u) = -u**2 + 8*u - 15. Let d be j(5). Suppose 0 = -3*p - v - 2, -4*p + 3*v - 12 - 8 = d. Let g(b) = -2*b**3 - 4*b**2 - 2*b + 1. Determine g(p).
5
Let o(d) = 3*d**2 - 3 + 63*d + d**3 + 0 - 126*d + 59*d + 1. Give o(-3).
10
Let f(s) = -s**2 - 4*s - 8. Suppose -8*g + 13*g - 16 = 4*n, 2*g = -4*n - 16. What is f(n)?
-8
Let q(c) be the third derivative of c**9/60480 + c**8/6720 - c**7/630 - c**6/180 - c**5/10 + 5*c**2. Let k(v) be the third derivative of q(v). What is k(-5)?
-14
Let u(c) be the first derivative of -7/2*c**2 + 11*c - 1/12*c**4 + 6 + 3/2*c**3. Let d(q) be the first derivative of u(q). Determine d(8).
1
Suppose 45 = 7*u - 60. Suppose 0 = -0*b - 2*b - y - u, b = -5*y - 12. Let w(h) = -h**2 - 7*h + 5. What is w(b)?
5
Let i be 24/18 + (-4)/(-6). Let u(a) = 3*a**2 + a**3 + 2 - 3 - 5*a**i. Let l = 5 + -3. Determine u(l).
-1
Let l(a) be the first derivative of a**2/2 - 11*a + 9. Suppose 3*m - 25 = -2*m. Suppose -m*u + 10 = -3*u. Determine l(u).
-6
Let p(l) = -l**3 - l**2 + l - 1. Let b(t) = -t**3 + 8*t**2 + 8*t + 7. Suppose -d + 8 = -1. Let h be b(d). Give p(h).
1
Let z(t) = -6*t**3 - 2*t**2 + 2*t + 3. Let g = -870 + 868. Determine z(g).
39
Let b(a) be the first derivative of -a**2/2 + 2*a + 1. Let n = -615 - -621. Calculate b(n).
-4
Let t(f) = 4*f**2 + 20*f - 9. Let u(y) = -2*y**2 - 8*y + 4. Let b(h) = 3*t(h) + 5*u(h). What is b(-10)?
-7
Let s(d) = d**2 + 1. Let c be 4 + (4 - 3)*1. Suppose k - c*o + 53 = 4*k, -2*k = -2*o - 14. Suppose -k*w = -6*w. Determine s(w).
1
Let q = 96 + -98. Let m(z) = -2*z**3 + z**2 + z - 1. Give m(q).
17
Let m(y) = -y**2 + 6*y - 2. Let t(x) = 2*x**2 - x. Let z be t(2). Let g be ((-4)/z)/((-4)/6). Let j = g - -4. What is m(j)?
3
Let a(k) = 24 + 8*k - k - 3*k - 23. Let s(g) = 5*g + 2. Let t(y) = -4*a(y) + 3*s(y). Determine t(4).
-2
Let t(z) = z**3 - 2*z**2 - 10. Let f(r) = r + 20. Let l be f(-20). What is t(l)?
-10
Suppose 2*q = -3*q - 50. Let w = -12 - -13. Let a be 12/q + w/5. Let n(o) = -4*o**2 - o - 1. Determine n(a).
-4
Let q(z) = -2*z. Suppose -2*m + 5*h + 54 = h, -5*m = -5*h - 120. Let n = m + -22. Determine q(n).
2
Suppose 22 = 2*m - 4*b, 6*b - 2*b + 17 = -3*m. Let t(h) = 6*h**2 - h + 1. What is t(m)?
6
Suppose 14 = -2*f + 18. Let k(r) be the third derivative of 0*r + 0*r**3 + 5*r**2 + 0 + 1/24*r**4. Determine k(f).
2
Let h be ((-2)/3)/(2/(-6)). Let c(o) = 3*o + 1 - 3 - h*o. Suppose 66 = 14*a + 52. Calculate c(a).
-1
Let h(p) = p**3 - 8*p**2 + 9*p - 11. Let u be h(7). Suppose -u*v = -3*j - 6, -4*j + 2*v - 1 - 1 = 0. Let l(i) = -10*i. Determine l(j).
-10
Let c(j) = -2*j**3 + 3*j**2 - j. Suppose -4*r = -r. Suppose 2*u + 3*d - 1 = 3*u, r = 3*u + 5*d - 11. What is c(u)?
-6
Let w be 60/(-4)*6/9. Let x = 5 - w. Let j = x + -11. Let v(i) = 2*i**2 - 4*i - 3. Calculate v(j).
13
Let p = -296 - -300. Let i(j) = j**3 - 4*j**2 + 6*j - 9. Let k(y) = y**3 - 4*y**2 + 5*y - 8. Let c(u) = 4*i(u) - 5*k(u). Calculate c(p).
0
Let f = 5 - -7. Let s be 3 - 2 - 1*-2. Let y be s/((f/(-4))/(-3)). Let t(w) = -w**2 + 8*w - 4. Calculate t(y).
11
Suppose -3*i + 10 = 2*i - 5*o, 2*o - 2 = 5*i. Let a be 4*i/(-16)*6. Suppose 7 - 19 = a*t. Let y(w) = w - 4. What is y(t)?
-8
Let r(q) = -q**2 + 12*q - 8. Let g be r(11). Let p be (-3)/(-2)*20/6. Let v(n) = n + g + p*n - 4 + 5*n. Calculate v(1).
10
Let q(o) = 3*o**2 + 28*o - 27*o + 1 - 1. Let k = 9 + -15. Let u be (1/(-3))/(2/k). Give q(u).
4
Suppose 0 = 2*l + 2*w + 4, 0 = 4*l - 8*l - 2*w - 8. Suppose 3*p - p = 4. Let c(k) = k**2 + k - p*k - 2*k**2. What is c(l)?
-2
Let a(y) be the second derivative of y**5/120 - y**4/12 + 2*y**3 + y. Let g(n) be the second derivative of a(n). Determine g(6).
4
Let z(j) be the first derivative of 3*j - 21 + 5/2*j**2. Let m = -4 - -7. Calculate z(m).
18
Let u(v) = -v**2 - 19*v - 57. Let i be u(-16). Let n(r) = -r**3 - 9*r**2 + 2. What is n(i)?
2
Suppose -i + 13 = 2*l + 4*i, 5*l - 2*i = 18. Let w(g) = -g + 20. Let q be w(17). Let s(u) = u + 1 - 4 - 1 - q. Give s(l).
-3
Suppose -p + 8*w = 10*w - 12, 5*p - 28 = -2*w. Let u(n) be the first derivative of -1/3*n**3 - 1/2*n**2 + 9 - 3*n - 1/4*n**p. Calculate u(0).
-3
Let r(x) be the third derivative of -x**7/840 + x**6/72 - x**5/40 + x**4/6 + 8*x**3 + 2*x**2 - 3*x. Let f(m) be the first derivative of r(m). Calculate f(4).
8
Let r be 9/(-18)*(-1 + -1). Let p(q) = -2 + 0 + r - 2*q - 1. What is p(-6)?
10
Let w(y) be the first derivative of -y**5/60 - 17*y**2/2 + 23. Let r(b) be the second derivative of w(b). What is r(2)?
-4
Let o(d) be the first derivative of -d**3/3 - 9*d**2/2 + 4*d - 29. Let c(v) be the first derivative of o(v). Determine c(-6).
3
Let m(q) be the second derivative of q**5/20 - q**4/3 - 7*q**3/6 + 7*q**2/2 + q. Let z(f) = -2*f - 9. Let v be z(-11). Suppose -2 = -3*c + v. What is m(c)?
-3
Suppose 8 = -45*k + 49*k. Let j(x) = -x**3 + 11 - 4 - x**2 + 7*x**k + x. Determine j(6).
13
Let g(o) = 10*o**2 - 28*o**2 - 2 + 19*o**2 + 4*o + 4. Determine g(-3).
-1
Let x(c) = -c**3 - 42*c**2 - 43*c - 86. Let z be x(-41). Let d(l) = l + 3. Calculate d(z).
-1
Let b(p) = -4*p + 1. Suppose 3*x = -v + 8*x - 10, -6 = v - x. What is b(v)?
21
Let v = -14 + 5. Suppose 484*m + 175 = 489*m. Let x be v/21 - 195/m. Let t(w) = -w - 1. Calculate t(x).
5
Let m(p) = 7*p + 59. Let j be m(-8). Let s(c) = c**2 + 3*c + 2. Give s(j).
20
Let o(q) = q - 1. Let z(w) = 4*w - 5. Suppose -5*d + 1 + 4 = 0. Let g(x) = d*z(x) - 3*o(x). Calculate g(4).
2
Let d be ((-3)/9)/(2 + 194/(-96)). Suppose 13*o - d*o = 18. Let a(t) = -t - 7. Give a(o).
-1
Let a be (6/(-8))/(2/(-8)). Suppose 54 = 67*y - 80. Let r(h) = -h + 5*h**2 - y*h - 3 - h**a + 10*h + 1. What is r(6)?
4
Let n(d) = -5*d**2 + 5*d + 7. Let i(h) = -11*h**2 + 8*h + 12. Let a(y) = 3*i(y) - 5*n(y). Let t = 3 + -2. Calculate a(t).
-8
Let b(i) = -12*i + 7*i - 920 + 916. Give b(-7).
31
Let v be (-11)/(-2) - 4/8. Suppose 0 = -v*r - 13 + 53. Let n(o) = 2*o - 2 + 23*o**3 - 2*o**2 - r*o**3 - 14*o**3. Determine n(2).
2
Let b(c) = 1 - c**2 - 4*c - c + 0*c + 0*c. Let y be 3*-1 + (-24)/(-6) + -5. What is b(y)?
5
Let q(y) = -12*y. Let u be (1 + 1)*92/(-184). Determine q(u).
12
Let b(x) be the second derivative of -x**5/20 + 7*x**4/12 + 7*x**3/6 + 3*x**2/2 - 27*x. Calculate b(8).
-5
Let v(f) be the third derivative of 5*f**4/24 - 5*f**3/6 + 3*f**2. Let i(w) = 14*w - 14. Let o(a) = 4*i(a) - 11*v(a). Give o(-5).
-6
Let d(t) = -t**3 + 9*t**2 - 7*t - 10. Suppose 4*n - 101 = 23. Suppose -f + 5*f = -5*z + 127, 4*f = -3*z + 81. Let o = n - z. What is d(o)?
-2
Let m(r) = 3*r**3 - 28*r**2 - 3*r + 8. Let c(w) = -w**3 + 10*w**2 + w - 3. Let y(v) = 11*c(v) + 4*m(v). Suppose 4*a = 4, -3*q + 6 = a - 4*a. Give y(q).
5
Suppose -z + 15 = 41. Let h = -27 - z. Let i(f) = f**2 - 2*f - 1. What is i(h)?
2
Let y(n) = n**3 + 13*n**2 + 13*n + 22. Suppose 0 = -q - 9*v + 14*v - 12, -4*v = -4*q - 48. Give y(q).
10
Suppose -54*a = -45*a + 54. Let n be (0 + (-1 - -2))*0. Let k(y) = -y + n - 2 + 2*y + 0*y. Calculate k(a).
-8
Let o(x) = -x**3 - 5*x**2 + 5*x - 2. Let k be (2/(-4))/(6/(24/(-1))). Suppose 4*w - 2*v = -18, 0*v = w - k*v. Calculate o(w).
4
Let d(l) = -3*l**3 + 8*l**2 - 3*l. Let x(a) = -a**3 + 4*a**2 - a. Let f(g) = -2*d(g) + 5*x(g). Let u be ((-12)/8 + 1)*(7 + 1). Give f(u).
-4
Let o(m) be the third derivative of 1/24*m**4 - 4*m**2 + 0*m - 1/3*m**3 + 1/120*m**5 + 7/360*m**6 + 0. L